{"id":307,"date":"2011-07-14T12:34:36","date_gmt":"2011-07-14T10:34:36","guid":{"rendered":"http:\/\/blogg.improveme.se\/jennijakobsson\/om\/"},"modified":"2013-09-09T02:53:00","modified_gmt":"2013-09-09T00:53:00","slug":"om","status":"publish","type":"page","link":"https:\/\/blogg.improveme.se\/jennijakobsson\/om\/","title":{"rendered":"Om Jenni"},"content":{"rendered":"<p style=\"text-align: center\"><em>Hej! Mitt namn \u00e4r <strong>Jenni Jakobsson<\/strong> och jag \u00e4r 20 \u00e5r gammal och bor i Onsala som ligger i Hallands l\u00e4n f\u00f6r er som inte visste det \ud83d\ude09<\/em><\/p>\n<p style=\"text-align: center\"><em>Jag f\u00f6rs\u00f6ker uppdatera s\u00e5 ofta jag kan och det jag skriver om \u00e4r mitt liv och vad jag g\u00f6r om dagarna \ud83d\ude42 Det kan vara allt ifr\u00e5n, shoppa, tr\u00e4ffa v\u00e4nner, resa, tr\u00e4na osv..\u00a0<\/em><\/p>\n<p style=\"text-align: center\"><em>Hoppas jag gjorde n\u00e5got intryck och att ni forts\u00e4tter l\u00e4sa min blogg! \ud83d\ude42 &lt;3<\/em><\/p>\n<p>&nbsp;<\/p>\n","protected":false},"excerpt":{"rendered":"<p>Hej! Mitt namn \u00e4r Jenni Jakobsson och jag \u00e4r 20 \u00e5r gammal och bor i Onsala som ligger i Hallands l\u00e4n f\u00f6r er som inte visste det \ud83d\ude09 Jag f\u00f6rs\u00f6ker uppdatera s\u00e5 ofta jag kan och det jag skriver om \u00e4r mitt liv och vad jag g\u00f6r om dagarna \ud83d\ude42 Det kan vara allt ifr\u00e5n, &#8230; <a title=\"Om Jenni\" class=\"read-more\" href=\"https:\/\/blogg.improveme.se\/jennijakobsson\/om\/\" aria-label=\"L\u00e4s mer om Om Jenni\">L\u00e4s mer<\/a><\/p>\n","protected":false},"author":5765,"featured_media":0,"parent":0,"menu_order":0,"comment_status":"open","ping_status":"open","template":"","meta":{"footnotes":""},"class_list":["post-307","page","type-page","status-publish"],"_links":{"self":[{"href":"https:\/\/blogg.improveme.se\/jennijakobsson\/wp-json\/wp\/v2\/pages\/307","targetHints":{"allow":["GET"]}}],"collection":[{"href":"https:\/\/blogg.improveme.se\/jennijakobsson\/wp-json\/wp\/v2\/pages"}],"about":[{"href":"https:\/\/blogg.improveme.se\/jennijakobsson\/wp-json\/wp\/v2\/types\/page"}],"author":[{"embeddable":true,"href":"https:\/\/blogg.improveme.se\/jennijakobsson\/wp-json\/wp\/v2\/users\/5765"}],"replies":[{"embeddable":true,"href":"https:\/\/blogg.improveme.se\/jennijakobsson\/wp-json\/wp\/v2\/comments?post=307"}],"version-history":[{"count":0,"href":"https:\/\/blogg.improveme.se\/jennijakobsson\/wp-json\/wp\/v2\/pages\/307\/revisions"}],"wp:attachment":[{"href":"https:\/\/blogg.improveme.se\/jennijakobsson\/wp-json\/wp\/v2\/media?parent=307"}],"curies":[{"name":"wp","href":"https:\/\/api.w.org\/{rel}","templated":true}]}}