{"id":161,"date":"2013-11-29T07:18:46","date_gmt":"2013-11-29T07:18:46","guid":{"rendered":"http:\/\/keypearl.wordpress.com\/?page_id=161"},"modified":"2013-11-29T07:18:46","modified_gmt":"2013-11-29T07:18:46","slug":"mig-mitt-bloggande-och-skrivande","status":"publish","type":"page","link":"https:\/\/blogg.improveme.se\/keypearl\/mig-mitt-bloggande-och-skrivande\/","title":{"rendered":"MIG &#8211; mitt bloggande och skrivande!"},"content":{"rendered":"<p>Har under \u00e5ren haft en hel del olika<br \/>\nbloggar. Varit politiska, samh\u00e4llsengagerade.<\/p>\n<p>Varit och blir h\u00e5nad f\u00f6r mina \u00e5sikter men<br \/>\nde \u00e4r i alla fall mina. I m\u00e5nga fall p\u00e5 den<br \/>\nmest basala niv\u00e5n. T\u00e4nker inte dra dem<br \/>\nigen f\u00f6r det \u00e4r ju tjatigt men det \u00e4r ju just<br \/>\ndet med \u00e5sikter p\u00e5 den basala niv\u00e5n de<br \/>\nhandlar om de mest viktiga behoven s.a.s!<\/p>\n<p>Jag orkar inte med allt l\u00e4ngre. F\u00f6r egentligen<br \/>\n\u00e4r de s\u00e5 sj\u00e4lvklara! Och \u00e4nd\u00e5 \u00e4r samh\u00e4llet s\u00e5<br \/>\nl\u00e5ngt ifr\u00e5n. Att t\u00e4nka om \u00e4r en f\u00e4lla i sig. Men<br \/>\ns\u00e4g att jag haft ett normalt liv mkt av det jag<br \/>\ntycker, t\u00e4nker och k\u00e4nner skulle nog vara det<br \/>\nsamma (vill jag t\u00e4nka) men mycket mindre<br \/>\nmen eftersom att jag som sagt h\u00e5nats s\u00e5 mkt<br \/>\nf\u00f6r de \u00e5sikter jag \u00e4rligt och rakt framf\u00f6r b\u00e5de<br \/>\nprivat och i sociala medium g\u00f6r att politiskt<br \/>\njobba inte \u00e4r min grej och som jag ska h\u00e5lla<br \/>\np\u00e5 med. Men tanken p\u00e5 att vara lobbyist och<br \/>\nmingla och vara s\u00e5 ubersocial pracka p\u00e5 en<br \/>\nsak jag \u00e4nd\u00e5 brinner f\u00f6r utan respons mot<br \/>\nmin person k\u00e4nns f\u00f6ga lockande! Diskutera<br \/>\npolitik \u00e4r \u00e4nd\u00e5 s\u00e5 k\u00e4nsligt n\u00e4r vissa kan tycka<br \/>\nexakt samma sak men d\u00f6ljer det genom att<br \/>\nprata om andra \u00e4mnen eller inte bry sig alls<br \/>\noch politik och samh\u00e4llsengegemang ska \u00e4nd\u00e5<br \/>\nr\u00f6ra sig om att m\u00e5na om varandra och sin<br \/>\nmedm\u00e4nniska&#8230; Inte sj\u00e4lviskhet&#8230; I b\u00e4sta fall\u00a0kan<br \/>\ndessa sammanfalla men s\u00e5 l\u00e5ngt ifr\u00e5n \u00e4r\u00a0den<br \/>\npolitiken som styr idag att det inte \u00e4r m\u00f6jligt.<\/p>\n<p>F\u00f6rst\u00e5r mycket v\u00e4l m\u00e5nga bara f\u00f6ljer str\u00f6mmen<br \/>\nav att det \u00e4r enkelt och l\u00e4tt eller brist p\u00e5 f\u00f6r-<br \/>\nst\u00e5else eller att de har det s\u00e5 bra att de kan vara<br \/>\nutan att engagera sig&#8230; Egoism eller Altruism \u00e4r<br \/>\ninget som finns i medvetandet, f\u00f6r sitera engelska:<br \/>\nIsnt a issue!<\/p>\n<p>Haft andra bloggar om mina k\u00e4nslor av s\u00e5nt<br \/>\njag haft sv\u00e5rt att bearbeta i huvudet sj\u00e4lv. F\u00f6r<br \/>\natt finna och finna tillbaka till mig sj\u00e4lv!<\/p>\n<p>Varit allt m\u00f6jligt f\u00f6r att se vilka k\u00e4nslor jag<br \/>\nkan riva upp och \u00e5stadkomma hos mig sj\u00e4lv!<br \/>\nLigger i tiden man ska inte vara bitter bitch.<br \/>\nMan ska inte vara k\u00e4nslosam eller k\u00e4nna\u00a0alls!<br \/>\nInget man \u00e4r duger ute i samh\u00e4llets\u00a0\u00f6gon! Inte<br \/>\nsom att man fr\u00e5gar om lov men saker man varit<br \/>\nmed om g\u00f6r att fler oskrivna regler blivit till att<br \/>\nr\u00e4tta sig efter, typ!\u00a0Man ska typ vara en maskin!<br \/>\nInget en person\u00a0\u00e4r duger&#8230; Nu bryr jag mig inte<br \/>\nvad andra\u00a0tycker. Jag \u00e4r mig sj\u00e4lv fr\u00e4mst sedan gillar<br \/>\nman\u00a0mej eller inte och jag k\u00e4nner f\u00f6r alla (eller\u00a0de<br \/>\nflesta&#8230;) f\u00f6r att f\u00e5 ut det mesta av livet! \u00c4nd\u00e5 har<br \/>\njag vart mobbad och utfryst och s\u00e5nt s\u00e4tter sina<br \/>\nsp\u00e5r&#8230; (Kanske d\u00e4rf\u00f6r jag \u00e4r s\u00e5 frispr\u00e5kig!)<\/p>\n<p>Funnit mig att jag M\u00c5STE inte g\u00f6ra allt och saker<br \/>\nhela tiden men faktiskt s\u00e5 \u00e4lskar att g\u00f6ra saker!<br \/>\nVara inne en hel dag\u00a0\u00e4r tr\u00e5kigare och ger en k\u00e4nsla<br \/>\nav lathet,\u00a0ledsamhet vilket k\u00e4nns on\u00f6dig..<br \/>\nJag \u00e4r \u00e4nd\u00e5 en person som gillar att k\u00e4nna efter&#8230;<\/p>\n<p>Sticka,\u00a0virka eller bakar jag har jag \u00e4nd\u00e5 \u00e5stad-<br \/>\nkommit n\u00e5got men menar se p\u00e5 TV. N\u00e4r det<br \/>\n\u00e4r v\u00e4der som jag inte vill g\u00e5 ut i!<\/p>\n","protected":false},"excerpt":{"rendered":"<p>Har under \u00e5ren haft en hel del olika bloggar. Varit politiska, samh\u00e4llsengagerade. Varit och blir h\u00e5nad f\u00f6r mina \u00e5sikter men de \u00e4r i alla fall mina. I m\u00e5nga fall p\u00e5 den mest basala niv\u00e5n. T\u00e4nker inte dra dem igen f\u00f6r det \u00e4r ju tjatigt men det \u00e4r ju just det med \u00e5sikter p\u00e5 den basala &#8230; <a title=\"MIG &#8211; mitt bloggande och skrivande!\" class=\"read-more\" href=\"https:\/\/blogg.improveme.se\/keypearl\/mig-mitt-bloggande-och-skrivande\/\" aria-label=\"L\u00e4s mer om MIG &#8211; mitt bloggande och skrivande!\">L\u00e4s mer<\/a><\/p>\n","protected":false},"author":6732,"featured_media":0,"parent":0,"menu_order":1,"comment_status":"open","ping_status":"open","template":"","meta":{"footnotes":""},"class_list":["post-161","page","type-page","status-publish"],"_links":{"self":[{"href":"https:\/\/blogg.improveme.se\/keypearl\/wp-json\/wp\/v2\/pages\/161","targetHints":{"allow":["GET"]}}],"collection":[{"href":"https:\/\/blogg.improveme.se\/keypearl\/wp-json\/wp\/v2\/pages"}],"about":[{"href":"https:\/\/blogg.improveme.se\/keypearl\/wp-json\/wp\/v2\/types\/page"}],"author":[{"embeddable":true,"href":"https:\/\/blogg.improveme.se\/keypearl\/wp-json\/wp\/v2\/users\/6732"}],"replies":[{"embeddable":true,"href":"https:\/\/blogg.improveme.se\/keypearl\/wp-json\/wp\/v2\/comments?post=161"}],"version-history":[{"count":0,"href":"https:\/\/blogg.improveme.se\/keypearl\/wp-json\/wp\/v2\/pages\/161\/revisions"}],"wp:attachment":[{"href":"https:\/\/blogg.improveme.se\/keypearl\/wp-json\/wp\/v2\/media?parent=161"}],"curies":[{"name":"wp","href":"https:\/\/api.w.org\/{rel}","templated":true}]}}