{"id":26,"date":"2013-11-24T13:23:05","date_gmt":"2013-11-24T13:23:05","guid":{"rendered":"http:\/\/keypearl.wordpress.com\/?page_id=26"},"modified":"2013-11-24T13:23:05","modified_gmt":"2013-11-24T13:23:05","slug":"vem-jag-ar","status":"publish","type":"page","link":"https:\/\/blogg.improveme.se\/keypearl\/vem-jag-ar\/","title":{"rendered":"Vem jag \u00e4r:"},"content":{"rendered":"<p>Jag \u00e4r envis, ambiti\u00f6s, tuffare \u00e4n de flesta!<br \/>\nBlyg och mild. Pedantisk. Men ogillar att<br \/>\nvara arg&#8230; Sj\u00e4vst\u00e4ndig men inte ekonomisk<br \/>\noberoende\u00a0\u00e4n .<\/p>\n<p>\u00c4r \u00e4ven f\u00e5f\u00e4ng gillar sk\u00f6nhet och hudv\u00e5rd!<br \/>\n<span style=\"line-height:1.5\">Ingen s\u00e4ljartyp\u00a0eller kaxig dj\u00e4vul.<\/span><\/p>\n<p>T\u00e4nkt en hel\u00a0del p\u00e5 vem jag \u00e4r och\u00a0vad jag<br \/>\ngillar g\u00f6ra f\u00f6r saker\u00a0och vad\u00a0jag vill<br \/>\nf\u00f6r\u00e4ndra!!!\u00a0\u00a0Inget \u00e4r\u00a0ju mer fel\u00a0eller r\u00e4tt<br \/>\nviktigt veta\u00a0sig sj\u00e4lv\u00a0f\u00f6r att m\u00e5\u00a0bra \ud83d\ude42<br \/>\ntill exempel\u00a0jag gillar\u00a0tr\u00e4na yoga i\u00a0grupp<br \/>\nmen kondition sj\u00e4lv p\u00e5\u00a0tr\u00e4ningscykel\u00a0och<br \/>\nstyrketr\u00e4ning spelar ingen\u00a0roll.\u00a0Simmar<br \/>\nhelst\u00a0ensam men mest f\u00f6r avkoppling mer<br \/>\n\u00e4n\u00a0&#8221;tr\u00e4na&#8221;!<\/p>\n<p>Kopplar av genom att l\u00e4sa biografier,<br \/>\nhistoriska\u00a0skildringar, ungvuxen sk\u00f6n-<br \/>\nlitteratur (ofta \u00f6vernaturligt och inslag<br \/>\nmed vampyrer eller h\u00e4xor\u00a0och annat<br \/>\nockult.) virka helst men ocks\u00e5 sticka\u00a0f\u00f6r<br \/>\natt f\u00e5 st\u00f6rre ro. \u00c4r ingen\u00a0konstn\u00e4r\u00a0eller<br \/>\nlevnadskonstn\u00e4r egentligen&#8230;. Men blivit<br \/>\nmer kreativ p\u00e5 senare ord!<\/p>\n","protected":false},"excerpt":{"rendered":"<p>Jag \u00e4r envis, ambiti\u00f6s, tuffare \u00e4n de flesta! Blyg och mild. Pedantisk. Men ogillar att vara arg&#8230; Sj\u00e4vst\u00e4ndig men inte ekonomisk oberoende\u00a0\u00e4n . \u00c4r \u00e4ven f\u00e5f\u00e4ng gillar sk\u00f6nhet och hudv\u00e5rd! Ingen s\u00e4ljartyp\u00a0eller kaxig dj\u00e4vul. T\u00e4nkt en hel\u00a0del p\u00e5 vem jag \u00e4r och\u00a0vad jag gillar g\u00f6ra f\u00f6r saker\u00a0och vad\u00a0jag vill f\u00f6r\u00e4ndra!!!\u00a0\u00a0Inget \u00e4r\u00a0ju mer fel\u00a0eller r\u00e4tt viktigt &#8230; <a title=\"Vem jag \u00e4r:\" class=\"read-more\" href=\"https:\/\/blogg.improveme.se\/keypearl\/vem-jag-ar\/\" aria-label=\"L\u00e4s mer om Vem jag \u00e4r:\">L\u00e4s mer<\/a><\/p>\n","protected":false},"author":6732,"featured_media":0,"parent":0,"menu_order":3,"comment_status":"open","ping_status":"closed","template":"","meta":{"footnotes":""},"class_list":["post-26","page","type-page","status-publish"],"_links":{"self":[{"href":"https:\/\/blogg.improveme.se\/keypearl\/wp-json\/wp\/v2\/pages\/26","targetHints":{"allow":["GET"]}}],"collection":[{"href":"https:\/\/blogg.improveme.se\/keypearl\/wp-json\/wp\/v2\/pages"}],"about":[{"href":"https:\/\/blogg.improveme.se\/keypearl\/wp-json\/wp\/v2\/types\/page"}],"author":[{"embeddable":true,"href":"https:\/\/blogg.improveme.se\/keypearl\/wp-json\/wp\/v2\/users\/6732"}],"replies":[{"embeddable":true,"href":"https:\/\/blogg.improveme.se\/keypearl\/wp-json\/wp\/v2\/comments?post=26"}],"version-history":[{"count":0,"href":"https:\/\/blogg.improveme.se\/keypearl\/wp-json\/wp\/v2\/pages\/26\/revisions"}],"wp:attachment":[{"href":"https:\/\/blogg.improveme.se\/keypearl\/wp-json\/wp\/v2\/media?parent=26"}],"curies":[{"name":"wp","href":"https:\/\/api.w.org\/{rel}","templated":true}]}}