{"id":58,"date":"2013-11-27T08:35:49","date_gmt":"2013-11-27T08:35:49","guid":{"rendered":"http:\/\/keypearl.wordpress.com\/?page_id=58"},"modified":"2013-11-27T08:35:49","modified_gmt":"2013-11-27T08:35:49","slug":"manligt-och-kvinnligt","status":"publish","type":"page","link":"https:\/\/blogg.improveme.se\/keypearl\/manligt-och-kvinnligt\/","title":{"rendered":"Manligt Och Kvinnligt&#8230;"},"content":{"rendered":"<p>Han och hon. Tjej och kille&#8230;\u00a0K\u00e4rlek emellan.<br \/>\nSex f\u00f6r andra. Giftem\u00e5l han och hon, v\u00e4nta-<br \/>\nbarn han och hon samt hen!<\/p>\n<p>Aldrig varit s\u00e5 kvinnlig f\u00f6rutom att jag<br \/>\n\u00e4lskar att\u00a0baka, f\u00f6rr, gillade jag laga mat<br \/>\nmed men varken\u00a0kvinnligt eller manligt\u00a0ju<br \/>\noch masterchef g\u00e5r alltid\u00a0m\u00e4nnen\u00a0vidare!<br \/>\nMen baka har alltid \u00e4lskat och\u00a0mig\u00a0veterligen<br \/>\ninget som killar och m\u00e4n\u00a0\u00e4lskar i alla\u00a0fall<br \/>\ngenerellt lika mycket! Men\u00a0virka har fallit i<br \/>\ngl\u00f6mska\u00a0och sticka har jag\u00a0l\u00e4rt mig nu och<br \/>\ndet g\u00f6r v\u00e4l tjejer\u00a0och\u00a0kvinnor mer \u00e4n m\u00e4n?<br \/>\nOch \u00e4r v\u00e4l fullt\u00a0normal\u00a0p\u00e5 det omr\u00e5det nu d\u00e5!!!<\/p>\n<p>***********************************<\/p>\n<p>Som jag ser det \u00e4r kaxighet n\u00e5got mer\u00a0en kill-<br \/>\negenskap \u00e4n en kvinnlig.\u00a0\u00d6dmjukhet \u00e4r<br \/>\ngenerellt m\u00e4nnens&#8230;\u00a0Sj\u00e4lviskhet m\u00e4nnens och<br \/>\nbitches\/moderna\u00a0kvinnor&#8230;\u00a0Altruism en kvinnas.<\/p>\n<p>Och samh\u00e4llet jobbar fr\u00e4mst p\u00e5 att\u00a0ta bort\u00a0detta<br \/>\nfaktum. Och till viss del\u00a0\u00e4r j\u00e4mst\u00e4lldheten\u00a0inte bra.<br \/>\nMen att g\u00f6ra\u00a0oss mer j\u00e4mst\u00e4llda fungerar\u00a0\u00e4nd\u00e5 b\u00e4st<br \/>\ngenom\u00a0att ge oss samma l\u00f6n f\u00f6r samma\u00a0jobb.<\/p>\n<p>Som jag ser det \u00e4r \u00e4nd\u00e5 lika v\u00e4rde viktigare och<br \/>\natt f\u00e5 vara sig sj\u00e4lv viktigare \u00e4n att vara en roll-<br \/>\nfigur dvs som att vara samma som sin man men<br \/>\nf\u00e5 mindre l\u00f6n&#8230;.<\/p>\n<p>Feminist till den gr\u00e4ns att lika l\u00f6n&#8230; f\u00f6r pengar<br \/>\n\u00e4r s\u00e5 viktigt f\u00f6r sj\u00e4lvst\u00e4ndighetens skull.\u00a0Sedan<br \/>\n\u00e4r att behandlas v\u00e4l f\u00f6r ens egen utveckling\u00a0och<br \/>\nsj\u00e4lvutvecklings skull mest av v\u00e4rde.\u00a0Vara en<br \/>\nbitch\u00a0bara f\u00f6r sakens skull att m\u00e5sta vara &#8221;j\u00e4m-<br \/>\nst\u00e4llda&#8221;\u00a0men bli misshandlad inget jag \u00f6nskar&#8230;<br \/>\nSkulle jag bli k\u00e4r i en feministisk kille OK och<br \/>\ninte\u00a0\u00e4vend det OK s\u00e5 l\u00e4nge vi \u00e4r bra f\u00f6r varandra<br \/>\nannars\u00a0ska man v\u00e4lja g\u00e5 skilda v\u00e4gar.<\/p>\n<p>Man v\u00e4ljer kanske aldrig vem man blir k\u00e4r i<br \/>\nmen\u00a0vem man stannar hos!<\/p>\n<p>Elak eller sn\u00e4ll. Sj\u00e4lv varken eller och vill inte<br \/>\nvara n\u00e5got av det heller. M\u00e5nga kan vara sn\u00e4lla<br \/>\ntjejer och gillar killar som \u00e4r elaka&#8230;\u00a0Eller elaka<br \/>\ntjejer som vill ha sig sj\u00e4lva dvs en\u00a0elak killar.<br \/>\nEller en elak kille som vill ha en sn\u00e4ll tjej att<br \/>\nutnyttja eller en elak att t\u00e4vla mot.<br \/>\nMen \u00e4ven om jag inte ser mig som varken elak<br \/>\neller sn\u00e4ll tjej vet jag ju vad jag vill ha f\u00f6r typ.<br \/>\nOch \u00e4r ingen som direkt \u00f6nskar det elaka, t\u00e4nder<br \/>\ninte p\u00e5 alls, som vanligt \u00e4r&#8230; men heller inte<br \/>\nute efter sex och en kille som s\u00e4ger han \u00e4lskar<br \/>\nmig i tomt snack! (Men att ha en kille som s\u00e4ger<br \/>\n\u00c5h, vad jag hatar dej k\u00e4nns inte s\u00e5 lockande<br \/>\nheller!!!) Jag har nog ganska h\u00e5rda krav men<br \/>\ndet \u00e4r jag v\u00e4rd (!) Ja, lite humor \u00e4r bra hos han<br \/>\nmed \ud83d\ude09<\/p>\n<p>N\u00e4r jag var yngre hade jag en bild av att kvinnor<br \/>\ntogs hand av m\u00e4n men jag var stora syster och<br \/>\nmycket sj\u00e4lvst\u00e4ndig och r\u00e4dd f\u00f6r att beh\u00f6va ta<br \/>\nhand om en kille f\u00f6r mkt det skulle vara f\u00f6r mkt!<br \/>\nOch s\u00e5g p\u00e5 amerikanska filmer nog, varf\u00f6r den bilden.<br \/>\nBlandat med bilden av BITCH fr\u00e5n svenska tv-<br \/>\nprogram&#8230; Saken att g\u00f6ra alla tjejer till en generell<br \/>\nsamma sak och k\u00e4nslol\u00f6sa, festprissor och br\u00e5kiga<br \/>\ninget annat i ett f\u00f6rh\u00e5llande. Men jag mer lik d\u00e5<br \/>\nen amerikansk aff\u00e4rskvinna i alla fall. Tur att veta<br \/>\natt trots alla stereotyper emellan dem och mellan<br \/>\nalla stolar vara i det fallet unik. F\u00f6r trots min sj\u00e4lv-<br \/>\nst\u00e4ndighet och oberoende personlighet i k\u00e4rlek vara<br \/>\nhelt &#8221;in-stereotypig&#8221;!<\/p>\n","protected":false},"excerpt":{"rendered":"<p>Han och hon. Tjej och kille&#8230;\u00a0K\u00e4rlek emellan. Sex f\u00f6r andra. Giftem\u00e5l han och hon, v\u00e4nta- barn han och hon samt hen! Aldrig varit s\u00e5 kvinnlig f\u00f6rutom att jag \u00e4lskar att\u00a0baka, f\u00f6rr, gillade jag laga mat med men varken\u00a0kvinnligt eller manligt\u00a0ju och masterchef g\u00e5r alltid\u00a0m\u00e4nnen\u00a0vidare! Men baka har alltid \u00e4lskat och\u00a0mig\u00a0veterligen inget som killar och m\u00e4n\u00a0\u00e4lskar &#8230; <a title=\"Manligt Och Kvinnligt&#8230;\" class=\"read-more\" href=\"https:\/\/blogg.improveme.se\/keypearl\/manligt-och-kvinnligt\/\" aria-label=\"L\u00e4s mer om Manligt Och Kvinnligt&#8230;\">L\u00e4s mer<\/a><\/p>\n","protected":false},"author":6732,"featured_media":0,"parent":0,"menu_order":6,"comment_status":"open","ping_status":"open","template":"","meta":{"footnotes":""},"class_list":["post-58","page","type-page","status-publish"],"_links":{"self":[{"href":"https:\/\/blogg.improveme.se\/keypearl\/wp-json\/wp\/v2\/pages\/58","targetHints":{"allow":["GET"]}}],"collection":[{"href":"https:\/\/blogg.improveme.se\/keypearl\/wp-json\/wp\/v2\/pages"}],"about":[{"href":"https:\/\/blogg.improveme.se\/keypearl\/wp-json\/wp\/v2\/types\/page"}],"author":[{"embeddable":true,"href":"https:\/\/blogg.improveme.se\/keypearl\/wp-json\/wp\/v2\/users\/6732"}],"replies":[{"embeddable":true,"href":"https:\/\/blogg.improveme.se\/keypearl\/wp-json\/wp\/v2\/comments?post=58"}],"version-history":[{"count":0,"href":"https:\/\/blogg.improveme.se\/keypearl\/wp-json\/wp\/v2\/pages\/58\/revisions"}],"wp:attachment":[{"href":"https:\/\/blogg.improveme.se\/keypearl\/wp-json\/wp\/v2\/media?parent=58"}],"curies":[{"name":"wp","href":"https:\/\/api.w.org\/{rel}","templated":true}]}}