{"id":2,"date":"2013-09-05T17:16:45","date_gmt":"2013-09-05T17:16:45","guid":{"rendered":"http:\/\/blogg.improveme.se\/wrida\/?page_id=2"},"modified":"2013-09-06T22:13:25","modified_gmt":"2013-09-06T20:13:25","slug":"ommig","status":"publish","type":"page","link":"https:\/\/blogg.improveme.se\/wrida\/ommig\/","title":{"rendered":"Om mig!"},"content":{"rendered":"<p>Nu har du klickat in dig p\u00e5 att l\u00e4sa om moi. Bra klick tycker jag! Jag heter d\u00e5 egentligen Frida, men g\u00e5r under alias Wrida h\u00e4r i bloggv\u00e4rlden. Jag \u00e4r en 19-\u00e5rig student som g\u00e5tt media programmet. D\u00e4rf\u00f6r kan jag en hel del om marknadsf\u00f6ring, reklam, redigering av bilder och film, design och mycket mer! Nu efter gymnasiet har jag \u00e4ven tagit med dom kunskaperna och har dom idag \u00e4ven som intressen. <\/p>\n<p>I dagsl\u00e4get bor jag i en stor villa utanf\u00f6r Stockholm i ett lugnt villaomr\u00e5de. Eller lugnt vill jag inte p\u00e5st\u00e5, inte sen vi flyttade hit i alla fall. haha! Jag h\u00e5ller just nu p\u00e5 att ta k\u00f6rkort, driver bloggen, tr\u00e4ffar v\u00e4nnerna, tr\u00e4nar, myser med pojkv\u00e4nnen, reser, shoppar och tar hand om mina \u00e4lskade djur! I min blogg kan du l\u00e4sa om just det.<br \/>\n<a href=\"http:\/\/blogg.improveme.se\/wrida\/files\/2013\/09\/IMG_90042.jpg\"><img loading=\"lazy\" decoding=\"async\" src=\"http:\/\/blogg.improveme.se\/wrida\/files\/2013\/09\/IMG_90042.jpg\" alt=\"\" width=\"680\" height=\"680\" class=\"aligncenter size-full wp-image-181\" \/><\/a><\/p>\n","protected":false},"excerpt":{"rendered":"<p>Nu har du klickat in dig p\u00e5 att l\u00e4sa om moi. Bra klick tycker jag! Jag heter d\u00e5 egentligen Frida, men g\u00e5r under alias Wrida h\u00e4r i bloggv\u00e4rlden. Jag \u00e4r en 19-\u00e5rig student som g\u00e5tt media programmet. D\u00e4rf\u00f6r kan jag en hel del om marknadsf\u00f6ring, reklam, redigering av bilder och film, design och mycket mer! &#8230; <a title=\"Om mig!\" class=\"read-more\" href=\"https:\/\/blogg.improveme.se\/wrida\/ommig\/\" aria-label=\"L\u00e4s mer om Om mig!\">L\u00e4s mer<\/a><\/p>\n","protected":false},"author":5746,"featured_media":0,"parent":0,"menu_order":0,"comment_status":"open","ping_status":"open","template":"","meta":{"footnotes":""},"class_list":["post-2","page","type-page","status-publish"],"_links":{"self":[{"href":"https:\/\/blogg.improveme.se\/wrida\/wp-json\/wp\/v2\/pages\/2","targetHints":{"allow":["GET"]}}],"collection":[{"href":"https:\/\/blogg.improveme.se\/wrida\/wp-json\/wp\/v2\/pages"}],"about":[{"href":"https:\/\/blogg.improveme.se\/wrida\/wp-json\/wp\/v2\/types\/page"}],"author":[{"embeddable":true,"href":"https:\/\/blogg.improveme.se\/wrida\/wp-json\/wp\/v2\/users\/5746"}],"replies":[{"embeddable":true,"href":"https:\/\/blogg.improveme.se\/wrida\/wp-json\/wp\/v2\/comments?post=2"}],"version-history":[{"count":0,"href":"https:\/\/blogg.improveme.se\/wrida\/wp-json\/wp\/v2\/pages\/2\/revisions"}],"wp:attachment":[{"href":"https:\/\/blogg.improveme.se\/wrida\/wp-json\/wp\/v2\/media?parent=2"}],"curies":[{"name":"wp","href":"https:\/\/api.w.org\/{rel}","templated":true}]}}